= -q*n. What are the prime factors of n?
7, 19
Suppose x - 32 = 219*j - 224*j, 4*x = -4*j + 96. List the prime factors of x.
2, 11
Let y(m) = -m**3 - 36*m**2 - 39*m + 99. Let v = -51 + 16. List the prime factors of y(v).
239
Suppose -4*p = -2*d - 2*p + 2228, -2223 = -2*d - 3*p. Suppose 7*m + 0*m = d. List the prime factors of m.
3, 53
Let u = 23592 + -3890. What are the prime factors of u?
2, 9851
Let k(f) be the first derivative of 16*f**3/3 + 11*f**2/2 - 73*f + 62. List the prime factors of k(7).
2, 197
Suppose -509*d + 498*d + 14982 = 0. Suppose 3*a - z - d = 0, 36 = -4*z + 24. List the prime factors of a.
3, 151
Let s = -429 - -427. What are the prime factors of -4 + 7 - (-4 - (-7 - s))?
2
Let k(p) = p**3 - 19*p**2 + 12*p - 21. Let v be k(19). Suppose 4*h - v - 25 = 0. Suppose h = 5*q - 4*z - 237, q - 73 = -2*z. List the prime factors of q.
3, 7
Let a(d) = 11*d - 22*d - 6*d - 38*d + 90. What are the prime factors of a(-7)?
5, 19
Let k(h) = 2*h**2 - 15*h + 5. Let l be k(8). Suppose 0 = -10*z + 417 + l. Suppose -2*s = -z - 77. What are the prime factors of s?
2, 3, 5
Let a(j) = 5655*j - 8275. What are the prime factors of a(13)?
2, 5, 7, 233
Let c(m) = -213 + 139 + 130 - 6*m. What are the prime factors of c(-15)?
2, 73
Suppose -1394696 - 357590 = -61*r. List the prime factors of r.
2, 53, 271
Suppose -2*n + 3*g + 72 = n, 5*n + 5*g - 90 = 0. Let y(c) = c**3 - 21*c**2 + 20. Let x be y(n). What are the prime factors of 15/x - 138/(-8)?
2, 3
Let s be 6 - (-2 + (10 - 5)). What are the prime factors of 370/(s - (-20)/(-8))?
2, 5, 37
Suppose -3*a + 145102 = -h, -20*a - 96798 = -22*a - 12*h. List the prime factors of a.
3, 23, 701
Let b(y) = -y**3 - 48*y**2 + 309*y - 30. What are the prime factors of b(-56)?
2, 3877
Let b = -8 - -10. Let u(v) = 51*v**2 - 18*v**2 + 49*v**b + 2 - v. List the prime factors of u(1).
83
Suppose -1756 = -16*i + 4836. Suppose -70 = z - i. List the prime factors of z.
2, 3, 19
Let j(z) = -8*z**3 - 4*z**2 - 2*z + 1. Let c be j(-1). What are the prime factors of (5430/(-35))/(-3)*c?
2, 181
List the prime factors of 61/((-732)/(-22662)) + (3/(-2) - -1).
2, 59
Let x(h) be the second derivative of h**5/20 - h**4/3 - 13*h**3/6 - 21*h**2/2 + 15*h. What are the prime factors of x(9)?
3, 89
Suppose 194*m + 247*m - 64*m = 11670035. What are the prime factors of m?
5, 41, 151
Let x(y) = 3*y**2 + 19*y - 14. Let n be x(-7). Suppose n = -124*u + 136*u - 24180. List the prime factors of u.
5, 13, 31
Let t = 31 - 29. Let w(o) = o**2 + 3*o - 4. Let x be w(t). List the prime factors of (2/5)/(x/330).
2, 11
Let z(q) = -12444*q + 2225. What are the prime factors of z(-4)?
149, 349
Let y(b) = 37*b**3 + b**2 + 3*b - 3. Let x = 89 + -24. Let z = x + -64. List the prime factors of y(z).
2, 19
Let k = -32 + 4. Let h = k + 34. What are the prime factors of (3/h)/((-1)/(-90))?
3, 5
Suppose 3*l + 4*b - 51686 = 0, -3*l + 4*b = 9*b - 51679. What are the prime factors of l?
2, 3, 13, 17
Suppose 0*f = -3*f - 0*f. Suppose 2*c + 162 - 498 = f. Suppose -4*p + 2*p = -c. What are the prime factors of p?
2, 3, 7
Let v be (3 - 21057/(-18)) + (-8)/(-48). Suppose 24*s = -v + 31701. List the prime factors of s.
2, 3, 53
Suppose 2*z + 46*z - 122976 = 0. What are the prime factors of z?
2, 3, 7, 61
Suppose 33*g + 2738 = 36*g - 4*j, -3*g - j = -2743. Suppose 150*w - g = 149*w. What are the prime factors of w?
2, 457
Let j = 38 - 35. Suppose -125 = -j*b + 10. List the prime factors of (b/54)/(1/6)*11.
5, 11
Suppose 3*i + 184 = -5*k + 7*i, -5*i - 175 = 5*k. Suppose 4*u = -1209 + 421. Let r = k - u. List the prime factors of r.
7, 23
Let l be -6 - -3 - (-6)/(-4)*26. Let w = -38 - l. Suppose 2*f - 3*f - 4*u + 39 = 0, -w*f = -u - 105. List the prime factors of f.
3
Suppose 5*i + 4297 = 11*n - 9*n, -3*n = -3*i - 2571. Let h = i - -1217. List the prime factors of h.
2, 89
Let b(w) = w**3 + 14*w**2 + 9*w - 17. Suppose -12*r = -7*r - 225. Let g = r + -57. List the prime factors of b(g).
163
Suppose -514*f + 244*f = -233*f - 758278. What are the prime factors of f?
2, 10247
Suppose -48*y + 108072 + 500706 = 14*y. List the prime factors of y.
3, 1091
Let a(p) = 79 + 72 + 324*p - 154. List the prime factors of a(2).
3, 5, 43
Suppose 170619 = 26*h + 64917 - 454936. List the prime factors of h.
21563
What are the prime factors of -16 + 1309 + -6 + (-8)/(-1)?
5, 7, 37
Let z = 19231 + 3392. What are the prime factors of z?
3, 7541
Let x be (-11)/((-11)/2)*(-15914)/(-4). Suppose -16*f + x = -13403. What are the prime factors of f?
3, 5, 89
Let b(i) = 186*i - 840. List the prime factors of b(32).
2, 3, 71
Let m(p) = -p**2 + 5*p. Let h be m(4). Suppose -k - h*v + 0*v + 1492 = 0, -4*k + 6010 = 2*v. Suppose -15*w + k = -1286. List the prime factors of w.
2, 3, 31
Let f(q) = -2*q**3 + 22*q**2 + 6. Let d be f(11). Suppose 871 = d*x - 1109. What are the prime factors of x?
2, 3, 5, 11
Let c(a) = -7*a + 170. Let p be c(18). List the prime factors of (38432/18)/4 + p/198.
2, 3, 89
Suppose 0 = 5*y - 4*n - 3152, 4*y = -21*n + 19*n + 2532. Suppose -104 - y = -8*i. What are the prime factors of i?
2, 23
List the prime factors of 4536/(-126)*(560/(-6) + -1).
2, 3, 283
Let t be (((-16929)/18)/(-11))/(2/28). Suppose -8 = b - 3*b. Suppose -3*q + t = b*l, -2*q - q = -5*l + 1476. What are the prime factors of l?
3, 11
Suppose 14*x = 24190 + 152140. What are the prime factors of x?
5, 11, 229
Let z(m) = -271*m + 1591. List the prime factors of z(-28).
67, 137
Let j = 14 - -3. Let z = j + -113. Let p = 188 + z. What are the prime factors of p?
2, 23
Suppose -5*a + 5*a = -7*a. Suppose u - 183 + 42 = a. What are the prime factors of u?
3, 47
Let t = 225 - 190. Suppose 4*b = -2*w - 32, 0 = b - 5*w - 3. Let n = t - b. What are the prime factors of n?
2, 3, 7
What are the prime factors of (-8)/(-18)*9/30 - 369266/(-30)?
3, 11, 373
Suppose -12*f + 34359 = 27*f. Suppose 5*a - f = -p, 2*p + 2*p - 692 = -4*a. What are the prime factors of a?
3, 59
Let c = 188 + 484. Suppose 2*j = i - 1303, -i - j + 634 + c = 0. What are the prime factors of i?
3, 5, 29
Suppose -g - 908 = 5*x, -3*g - 9*x = -7*x + 2685. Let v = g + 1779. List the prime factors of v.
2, 443
Let u = 174037 - 122760. List the prime factors of u.
47, 1091
Let v = 79 - 75. Suppose -9*h = -v*h - 30. Let l(u) = 8*u + 19. List the prime factors of l(h).
67
Let l(c) = -10*c + 4. Let b be l(1). Let h(p) = -5*p - 29. Let a be h(b). What are the prime factors of 1 + (1 - a) - 5301/(-19)?
2, 5, 7
Let q(d) be the third derivative of -d**5/60 + d**4/3 - 17*d**3/3 - 36*d**2. Let v be q(7). List the prime factors of (-1401)/(-12) - (2 - v/(-12)).
3, 13
Let x = 722 - 719. Suppose r = 3*y - 1559, -752 = 4*y + x*r - 2835. What are the prime factors of y?
2, 5, 13
Suppose 147*w - 4703475 = 28*w. List the prime factors of w.
3, 5, 17, 31
Let t be (-2)/(-24)*8 + (-8)/(-6). Let o be (t + -2)/(1 + (3 - 5)). Suppose 3*h - 100 - 89 = 3*v, o = h + 3*v - 55. List the prime factors of h.
61
Suppose -4*x + d = 8025, x + 2*x - 4*d = -6035. Let j = x + 1314. Let b = -489 - j. List the prime factors of b.
2, 101
Let i(s) = s - 12. Let u be i(16). Suppose -13 = -u*y + 7. What are the prime factors of 5/25 + 799/y?
2, 5
Let m be -1*(-4 - -3 - 1). Suppose -m*u + 5 = -3. Suppose 305 = u*y + 81. List the prime factors of y.
2, 7
Let w be ((-5)/(-15))/((-3)/(-27)). Suppose 3*x + 2335 = 4*p, 4*p = 2*x + w*x + 2337. List the prime factors of p.
11, 53
Let m(f) = 2*f**3 - 4*f**2 - 48*f. Let r be m(6). Suppose -2*z + p + 781 = r, 12*p - 9*p + 1179 = 3*z. List the prime factors of z.
2, 97
Suppose 0 = 5*q + 5*t - 30210, t = 7*q - 6*q - 6038. List the prime factors of q.
2, 5, 151
Suppose 5*g + 3*l - 118006 = 0, -3*l + 37143 = 3*g - 33657. What are the prime factors of g?
23603
Suppose 2*o - 8 = 4*z, -5*z - 8 = 3*o + 2. Suppose o = 6*i - 7*i - 5. Let t = i - -29. What are the prime factors of t?
2, 3
Suppose -319 = 4*m - 23. Let v = m - -270. What are the prime factors of v?
2, 7
Let k(g) = -g**2 + 8*g - 3. Let u(y) = y**3 - 7*y**2 - 16*y - 9. Let r be u(9). Suppose -31*a + 34*a - r = 0. What are the prime factors of k(a)?
2, 3
Let k(o) = -2*o + 28. Let c be k(14). Suppose 26 - 8 = -3*g - 3*r, -3*g - 5*r - 18 = c. What are the prime factors of -1 + 3/(-3) + g + 117?
109
Let r(q) = q**3 + 4